{"id":20,"date":"2026-01-28T14:11:12","date_gmt":"2026-01-28T17:11:12","guid":{"rendered":"https:\/\/www.cbiotec.ufpb.br\/sipg\/?page_id=20"},"modified":"2026-01-28T14:11:12","modified_gmt":"2026-01-28T17:11:12","slug":"programa-de-pos-graduacao-em-biotecnologia-doutorado-renorbio","status":"publish","type":"page","link":"https:\/\/www.cbiotec.ufpb.br\/sipg\/programa-de-pos-graduacao-em-biotecnologia-doutorado-renorbio\/","title":{"rendered":"Programa de P\u00f3s gradua\u00e7\u00e3o em Biotecnologia (Doutorado RENORBIO)"},"content":{"rendered":"\n<p>O Programa de Doutorado em Biotecnologia \u2013 Rede Nordeste de Biotecnologia (RENORBIO) foi credenciado pela CAPES em 2006, com conceito 5. Atualmente estamos com conceito 6. A Renorbio \u00e9 uma rede formada por institui\u00e7\u00f5es de ensino e pesquisa de todos os estados da Regi\u00e3o Nordeste e do estado do Esp\u00edrito Santo, agregando cerca de 200 pesquisadores, atuantes nas diferentes \u00e1reas da Biotecnologia. A primeira medida formal para integrar a Regi\u00e3o Nordeste pela Biotecnologia ocorreu em agosto de 2003, ao ser firmado o Protocolo de Coopera\u00e7\u00e3o entre os Secret\u00e1rios de Ci\u00eancia e Tecnologia dos Estados do Nordeste dando o total apoio \u00e0 Rede Nordeste de Biotecnologia &#8211; RENORBIO. Na sequ\u00eancia, em 2004, foi criada a Rede Nordeste de Biotecnologia &#8211; RENORBIO, atrav\u00e9s da Portaria MCT n\u00ba 598, de 26\/11\/2004, publicada no Di\u00e1rio Oficial da Uni\u00e3o em 30\/11\/2004, Se\u00e7\u00e3o I, p\u00e1g. 16, definindo sua estrutura e mecanismo de operacionaliza\u00e7\u00e3o no \u00e2mbito do MCT (atual MCTIC). Desta forma, o doutorado RENORBIO \u00e9 fruto dessas primeiras iniciativas, sendo sua base de sustenta\u00e7\u00e3o.<\/p>\n\n\n\n<div style=\"text-align:center;padding:20px\">\n  <a href=\"https:\/\/renorbio.org\/#\/\" target=\"_blank\" style=\"background:#4CAF50;color:white;padding:15px 30px;text-decoration:none;border-radius:4px;font-size:16px\">\n    Acessar site do programa\n  <\/a>\n<\/div>\n","protected":false},"excerpt":{"rendered":"<p>O Programa de Doutorado em Biotecnologia \u2013 Rede Nordeste de Biotecnologia (RENORBIO) foi credenciado pela [&hellip;]<\/p>\n","protected":false},"author":47,"featured_media":0,"parent":0,"menu_order":0,"comment_status":"closed","ping_status":"closed","template":"","meta":{"footnotes":""},"class_list":["post-20","page","type-page","status-publish","hentry"],"_links":{"self":[{"href":"https:\/\/www.cbiotec.ufpb.br\/sipg\/wp-json\/wp\/v2\/pages\/20","targetHints":{"allow":["GET"]}}],"collection":[{"href":"https:\/\/www.cbiotec.ufpb.br\/sipg\/wp-json\/wp\/v2\/pages"}],"about":[{"href":"https:\/\/www.cbiotec.ufpb.br\/sipg\/wp-json\/wp\/v2\/types\/page"}],"author":[{"embeddable":true,"href":"https:\/\/www.cbiotec.ufpb.br\/sipg\/wp-json\/wp\/v2\/users\/47"}],"replies":[{"embeddable":true,"href":"https:\/\/www.cbiotec.ufpb.br\/sipg\/wp-json\/wp\/v2\/comments?post=20"}],"version-history":[{"count":4,"href":"https:\/\/www.cbiotec.ufpb.br\/sipg\/wp-json\/wp\/v2\/pages\/20\/revisions"}],"predecessor-version":[{"id":58,"href":"https:\/\/www.cbiotec.ufpb.br\/sipg\/wp-json\/wp\/v2\/pages\/20\/revisions\/58"}],"wp:attachment":[{"href":"https:\/\/www.cbiotec.ufpb.br\/sipg\/wp-json\/wp\/v2\/media?parent=20"}],"curies":[{"name":"wp","href":"https:\/\/api.w.org\/{rel}","templated":true}]}}